{"id":858,"date":"2014-02-27T15:04:33","date_gmt":"2014-02-27T15:04:33","guid":{"rendered":"http:\/\/media-law.at\/?page_id=858"},"modified":"2025-07-03T12:17:36","modified_gmt":"2025-07-03T12:17:36","slug":"widerspruchsverfahren","status":"publish","type":"page","link":"https:\/\/media-law.at\/?page_id=858","title":{"rendered":"Widerspruchsverfahren"},"content":{"rendered":"<p>[et_pb_section fb_built=&#8220;1&#8243; _builder_version=&#8220;4.16&#8243; global_colors_info=&#8220;{}&#8220;][et_pb_row _builder_version=&#8220;4.16&#8243; background_size=&#8220;initial&#8220; background_position=&#8220;top_left&#8220; background_repeat=&#8220;repeat&#8220; global_colors_info=&#8220;{}&#8220;][et_pb_column type=&#8220;4_4&#8243; _builder_version=&#8220;4.16&#8243; custom_padding=&#8220;|||&#8220; global_colors_info=&#8220;{}&#8220; custom_padding__hover=&#8220;|||&#8220;][et_pb_text admin_label=&#8220;Text&#8220; _builder_version=&#8220;4.16&#8243; background_size=&#8220;initial&#8220; background_position=&#8220;top_left&#8220; background_repeat=&#8220;repeat&#8220; text_orientation=&#8220;center&#8220; module_alignment=&#8220;center&#8220; global_colors_info=&#8220;{}&#8220;]<strong>Welche M\u00f6glichkeiten hat ein Markeninhaber wenn sp\u00e4ter eine identische oder \u00e4hnliche Marke angemeldet wird?<\/strong><br \/>\n[\/et_pb_text][et_pb_cta title=&#8220;WIDERSPRUCH&#8220; admin_label=&#8220;Call To Action&#8220; _builder_version=&#8220;4.16&#8243; background_color=&#8220;#465daf&#8220; background_size=&#8220;initial&#8220; background_position=&#8220;top_left&#8220; background_repeat=&#8220;repeat&#8220; global_colors_info=&#8220;{}&#8220; button_text_size__hover_enabled=&#8220;off&#8220; button_one_text_size__hover_enabled=&#8220;off&#8220; button_two_text_size__hover_enabled=&#8220;off&#8220; button_text_color__hover_enabled=&#8220;off&#8220; button_one_text_color__hover_enabled=&#8220;off&#8220; button_two_text_color__hover_enabled=&#8220;off&#8220; button_border_width__hover_enabled=&#8220;off&#8220; button_one_border_width__hover_enabled=&#8220;off&#8220; button_two_border_width__hover_enabled=&#8220;off&#8220; button_border_color__hover_enabled=&#8220;off&#8220; button_one_border_color__hover_enabled=&#8220;off&#8220; button_two_border_color__hover_enabled=&#8220;off&#8220; button_border_radius__hover_enabled=&#8220;off&#8220; button_one_border_radius__hover_enabled=&#8220;off&#8220; button_two_border_radius__hover_enabled=&#8220;off&#8220; button_letter_spacing__hover_enabled=&#8220;off&#8220; button_one_letter_spacing__hover_enabled=&#8220;off&#8220; button_two_letter_spacing__hover_enabled=&#8220;off&#8220; button_bg_color__hover_enabled=&#8220;off&#8220; button_one_bg_color__hover_enabled=&#8220;off&#8220; button_two_bg_color__hover_enabled=&#8220;off&#8220;]Der Inhaber einer \u00e4lteren Marke kann\u00a0<strong>binnen 3 Monaten Widerspruch<\/strong>\u00a0gegen eine neue gleiche oder \u00e4hnliche Markenanmeldung einlegen.<br \/>\n[\/et_pb_cta][et_pb_text admin_label=&#8220;Text&#8220; _builder_version=&#8220;4.27.0&#8243; background_size=&#8220;initial&#8220; background_position=&#8220;top_left&#8220; background_repeat=&#8220;repeat&#8220; hover_enabled=&#8220;0&#8243; global_colors_info=&#8220;{}&#8220; sticky_enabled=&#8220;0&#8243;]<\/p>\n<p><strong>Wer kann Widerspruch erheben und auf welche Gr\u00fcnde kann er gest\u00fctzt werden?<\/strong><\/p>\n<ul>\n<li>Der Widerspruchswerber muss Inhaber einer identischen oder verwechselbar \u00e4hnlichen priorit\u00e4ts\u00e4lteren Marke sein, die f\u00fcr gleiche Waren oder Dienstleistungen wie die j\u00fcngere Marke gesch\u00fctzt ist. Ein Widerspruch gegen eine \u00f6sterreichische Marke\u00a0kann auf eine nationale \u00f6sterreichische Marke, eine Unionsmarke (EU-Marke), eine internationale Marke mit Schutzausdehnung auf \u00d6sterreich, eine bekannte Marke, eine Ursprungsbezeichnung oder eine geografische Angabe gest\u00fctzt werden.<\/li>\n<li>Der Widerspruch kann nicht nur auf aufrecht registrierte, sondern auch auf \u00e4ltere Marken im Anmeldestadium &#8211; vorbehaltlich deren Eintragung &#8211; gest\u00fctzt werden.<\/li>\n<\/ul>\n<p><strong>Wann beginnt die Frist zu laufen?<\/strong><\/p>\n<ul>\n<li>Handelt es sich um eine \u00f6sterreichische Marke, dann ist der Tag der Ver\u00f6ffentlichung im \u00d6sterreichischen Markenanzeiger f\u00fcr den Beginn der Widerspruchsfrist ma\u00dfgeblich. Dieser erscheint jeden 20. eines Monats.<\/li>\n<li>Im Fall von internationalen Registrierungen (\u201eIR-Marken\u201c) mit Schutzausdehnung auf \u00d6sterreich beginnt die dreimonatige Frist mit dem Monatsersten des Monats, der auf die Ver\u00f6ffentlichung der internationalen Registrierung der Marke im Ver\u00f6ffentlichungsblatt der WIPO folgt.<\/li>\n<li>Bei Unionsmarken f\u00fcr die EU beginnt die dreimonatige Frist mit der Ver\u00f6ffentlichung der Anmeldung der j\u00fcngeren Marke. Die Verfahrensbestimmungen sind hier leicht abweichend vom oben beschriebenen \u00f6sterreichischen Verfahren. Auf Nachfrage werden Details gerne erl\u00e4utert.<\/li>\n<\/ul>\n<p><strong>Welche Kosten sind mit einem Widerspruch verbunden?<\/strong><\/p>\n<p>Neben dem individuell zu vereinbarenden anwaltlichen Honorar sind die Widerspruchgeb\u00fchren zu bezahlen.<\/p>\n<ul>\n<li>Bei einem Widerspruch gegen eine \u00f6sterreichische Marke sowie gegen internationalen Registrierungen mit Schutzausdehnung auf \u00d6sterreich bel\u00e4uft sich die Geb\u00fchr auf EUR 230,00, die an das \u00d6sterreichische Patentamt zu bezahlen sind.<\/li>\n<li>Im Falle von Unionsmarken (EU) bel\u00e4uft sich die Geb\u00fchr\u00a0auf EUR 320,00, die an das\u00a0Amt der Europ\u00e4ischen Union f\u00fcr geistiges Eigentum\u00a0zu bezahlen sind.<\/li>\n<\/ul>\n<p>&nbsp;<\/p>\n<p>Wurde die Widerspruchsfrist vers\u00e4umt, besteht weiterhin die M\u00f6glichkeit eines <a title=\"L\u00f6schungsverfahren\" href=\"https:\/\/media-law.at\/?page_id=866\">L\u00f6schungsantrags<\/a> gegen die fremde Marke.<\/p>\n<p><strong>F\u00fcr Anfragen oder Terminvereinbarungen <a title=\"KONTAKT\" href=\"https:\/\/media-law.at\/?page_id=56\">kontaktieren<\/a> Sie bitte die Kanzlei!<\/strong><\/p>\n<p>[\/et_pb_text][\/et_pb_column][\/et_pb_row][\/et_pb_section]<\/p>\n","protected":false},"excerpt":{"rendered":"<p>Welche M\u00f6glichkeiten hat ein Markeninhaber wenn sp\u00e4ter eine identische oder \u00e4hnliche Marke angemeldet wird? Der Inhaber einer \u00e4lteren Marke kann\u00a0binnen 3 Monaten Widerspruch\u00a0gegen eine neue gleiche oder \u00e4hnliche Markenanmeldung einlegen. Wer kann Widerspruch erheben und auf welche Gr\u00fcnde kann er gest\u00fctzt werden? Der Widerspruchswerber muss Inhaber einer identischen oder verwechselbar \u00e4hnlichen priorit\u00e4ts\u00e4lteren Marke sein, die [&hellip;]<\/p>\n","protected":false},"author":1,"featured_media":0,"parent":124,"menu_order":0,"comment_status":"open","ping_status":"open","template":"","meta":{"_et_pb_use_builder":"on","_et_pb_old_content":"","_et_gb_content_width":"","footnotes":""},"class_list":["post-858","page","type-page","status-publish","hentry"],"aioseo_notices":[],"_links":{"self":[{"href":"https:\/\/media-law.at\/index.php?rest_route=\/wp\/v2\/pages\/858","targetHints":{"allow":["GET"]}}],"collection":[{"href":"https:\/\/media-law.at\/index.php?rest_route=\/wp\/v2\/pages"}],"about":[{"href":"https:\/\/media-law.at\/index.php?rest_route=\/wp\/v2\/types\/page"}],"author":[{"embeddable":true,"href":"https:\/\/media-law.at\/index.php?rest_route=\/wp\/v2\/users\/1"}],"replies":[{"embeddable":true,"href":"https:\/\/media-law.at\/index.php?rest_route=%2Fwp%2Fv2%2Fcomments&post=858"}],"version-history":[{"count":21,"href":"https:\/\/media-law.at\/index.php?rest_route=\/wp\/v2\/pages\/858\/revisions"}],"predecessor-version":[{"id":7851,"href":"https:\/\/media-law.at\/index.php?rest_route=\/wp\/v2\/pages\/858\/revisions\/7851"}],"up":[{"embeddable":true,"href":"https:\/\/media-law.at\/index.php?rest_route=\/wp\/v2\/pages\/124"}],"wp:attachment":[{"href":"https:\/\/media-law.at\/index.php?rest_route=%2Fwp%2Fv2%2Fmedia&parent=858"}],"curies":[{"name":"wp","href":"https:\/\/api.w.org\/{rel}","templated":true}]}}