{"id":712,"date":"2014-01-25T22:32:17","date_gmt":"2014-01-25T22:32:17","guid":{"rendered":"http:\/\/media-law.at\/?page_id=712"},"modified":"2021-07-13T16:14:55","modified_gmt":"2021-07-13T16:14:55","slug":"markenrecherchen","status":"publish","type":"page","link":"https:\/\/media-law.at\/?page_id=712","title":{"rendered":"Markenrecherche"},"content":{"rendered":"<p>[et_pb_section fb_built=&#8220;1&#8243; fullwidth=&#8220;on&#8220; _builder_version=&#8220;3.22&#8243; background_color=&#8220;#eded7d&#8220;][et_pb_fullwidth_header title=&#8220;Markenrecherchen&#8220; subhead=&#8220;Identit\u00e4ts- und \u00c4hnlichkeitsrecherchen&#8220; text_orientation=&#8220;center&#8220; admin_label=&#8220;Fullwidth Header&#8220; _builder_version=&#8220;3.16&#8243; background_color=&#8220;rgba(255, 255, 255, 0)&#8220; background_layout=&#8220;light&#8220; button_one_text_size__hover_enabled=&#8220;off&#8220; button_two_text_size__hover_enabled=&#8220;off&#8220; button_one_text_color__hover_enabled=&#8220;off&#8220; button_two_text_color__hover_enabled=&#8220;off&#8220; button_one_border_width__hover_enabled=&#8220;off&#8220; button_two_border_width__hover_enabled=&#8220;off&#8220; button_one_border_color__hover_enabled=&#8220;off&#8220; button_two_border_color__hover_enabled=&#8220;off&#8220; button_one_border_radius__hover_enabled=&#8220;off&#8220; button_two_border_radius__hover_enabled=&#8220;off&#8220; button_one_letter_spacing__hover_enabled=&#8220;off&#8220; button_two_letter_spacing__hover_enabled=&#8220;off&#8220; button_one_bg_color__hover_enabled=&#8220;off&#8220; button_two_bg_color__hover_enabled=&#8220;off&#8220;][\/et_pb_fullwidth_header][\/et_pb_section][et_pb_section fb_built=&#8220;1&#8243; _builder_version=&#8220;3.22&#8243;][et_pb_row _builder_version=&#8220;3.25&#8243; background_size=&#8220;initial&#8220; background_position=&#8220;top_left&#8220; background_repeat=&#8220;repeat&#8220;][et_pb_column type=&#8220;4_4&#8243; _builder_version=&#8220;3.25&#8243; custom_padding=&#8220;|||&#8220; custom_padding__hover=&#8220;|||&#8220;][et_pb_testimonial author=&#8220;Besser Vorsorge als Nachsorge!&#8220; admin_label=&#8220;Testimonial&#8220; _builder_version=&#8220;3.19.3&#8243; background_size=&#8220;initial&#8220; background_position=&#8220;top_left&#8220; background_repeat=&#8220;repeat&#8220;]<\/p>\n<p>Um Konflikte zu vermeiden, sollte\u00a0<strong>vor<\/strong>\u00a0Anmeldung einer Marke gekl\u00e4rt werden, ob bereits\u00a0<strong>identische oder \u00e4hnliche<\/strong>\u00a0<strong>Marken<\/strong>\u00a0f\u00fcr identische oder \u00e4hnliche Waren oder Dienstleistungen registriert sind.\u00a0<span style=\"font-size: 14px; line-height: 1.5em;\">Wir bieten Ihnen Verf\u00fcgbarkeitsrecherchen f\u00fcr Marken in unterschiedlich abgestuften Paketen an.<\/span><\/p>\n<p>Unterbleibt eine vorhergehende Recherche, k\u00f6nnen teure und langwierige Rechtsstreitigkeiten wegen Markenrechtsverletzungen die Folge sein. Die Bestellung einer Marken\u00e4hnlichkeitsrecherche ist daher besonders ratsam.<\/p>\n<p>Die aktuellen Preise finden Sie auf dieser Seite!<\/p>\n<p>[\/et_pb_testimonial][\/et_pb_column][\/et_pb_row][et_pb_row column_structure=&#8220;1_2,1_2&#8243; _builder_version=&#8220;3.25&#8243; background_size=&#8220;initial&#8220; background_position=&#8220;top_left&#8220; background_repeat=&#8220;repeat&#8220;][et_pb_column type=&#8220;1_2&#8243; _builder_version=&#8220;3.25&#8243; custom_padding=&#8220;|||&#8220; custom_padding__hover=&#8220;|||&#8220;][et_pb_cta title=&#8220;Identit\u00e4tsrecherche (\u00d6, EU, IR)&#8220; admin_label=&#8220;Identit\u00e4t&#8220; _builder_version=&#8220;4.4.6&#8243; background_color=&#8220;#8bcc5d&#8220; background_size=&#8220;initial&#8220; background_position=&#8220;top_left&#8220; background_repeat=&#8220;repeat&#8220; text_orientation=&#8220;left&#8220; button_text_size__hover_enabled=&#8220;off&#8220; button_one_text_size__hover_enabled=&#8220;off&#8220; button_two_text_size__hover_enabled=&#8220;off&#8220; button_text_color__hover_enabled=&#8220;off&#8220; button_one_text_color__hover_enabled=&#8220;off&#8220; button_two_text_color__hover_enabled=&#8220;off&#8220; button_border_width__hover_enabled=&#8220;off&#8220; button_one_border_width__hover_enabled=&#8220;off&#8220; button_two_border_width__hover_enabled=&#8220;off&#8220; button_border_color__hover_enabled=&#8220;off&#8220; button_one_border_color__hover_enabled=&#8220;off&#8220; button_two_border_color__hover_enabled=&#8220;off&#8220; button_border_radius__hover_enabled=&#8220;off&#8220; button_one_border_radius__hover_enabled=&#8220;off&#8220; button_two_border_radius__hover_enabled=&#8220;off&#8220; button_letter_spacing__hover_enabled=&#8220;off&#8220; button_one_letter_spacing__hover_enabled=&#8220;off&#8220; button_two_letter_spacing__hover_enabled=&#8220;off&#8220; button_bg_color__hover_enabled=&#8220;off&#8220; button_one_bg_color__hover_enabled=&#8220;off&#8220; button_two_bg_color__hover_enabled=&#8220;off&#8220;]<\/p>\n<p>Bei Bestellung einer Identit\u00e4tsrecherche erhalten Sie eine Auflistung aller <strong>identischen<\/strong><\/p>\n<ul>\n<li>\u00f6sterreichischen Marken,<\/li>\n<li>Unionsmarken,<\/li>\n<li>internationalen Registrierungen,<\/li>\n<li>nationalen Marken aller EU-L\u00e4nder.<\/li>\n<\/ul>\n<p><strong>Pauschalpreis:<\/strong> EUR 50,00 + 20% USt<\/p>\n<p>[\/et_pb_cta][et_pb_cta title=&#8220;Internationale Recherchen&#8220; admin_label=&#8220;International&#8220; _builder_version=&#8220;4.4.6&#8243; background_color=&#8220;#dd6a6a&#8220; background_size=&#8220;initial&#8220; background_position=&#8220;top_left&#8220; background_repeat=&#8220;repeat&#8220; text_orientation=&#8220;left&#8220; hover_enabled=&#8220;0&#8243; button_text_size__hover_enabled=&#8220;off&#8220; button_one_text_size__hover_enabled=&#8220;off&#8220; button_two_text_size__hover_enabled=&#8220;off&#8220; button_text_color__hover_enabled=&#8220;off&#8220; button_one_text_color__hover_enabled=&#8220;off&#8220; button_two_text_color__hover_enabled=&#8220;off&#8220; button_border_width__hover_enabled=&#8220;off&#8220; button_one_border_width__hover_enabled=&#8220;off&#8220; button_two_border_width__hover_enabled=&#8220;off&#8220; button_border_color__hover_enabled=&#8220;off&#8220; button_one_border_color__hover_enabled=&#8220;off&#8220; button_two_border_color__hover_enabled=&#8220;off&#8220; button_border_radius__hover_enabled=&#8220;off&#8220; button_one_border_radius__hover_enabled=&#8220;off&#8220; button_two_border_radius__hover_enabled=&#8220;off&#8220; button_letter_spacing__hover_enabled=&#8220;off&#8220; button_one_letter_spacing__hover_enabled=&#8220;off&#8220; button_two_letter_spacing__hover_enabled=&#8220;off&#8220; button_bg_color__hover_enabled=&#8220;off&#8220; button_one_bg_color__hover_enabled=&#8220;off&#8220; button_two_bg_color__hover_enabled=&#8220;off&#8220;]<\/p>\n<p>Wir bieten Markenrecherchen f\u00fcr beinahe jedes Land der Welt an.<\/p>\n<p>Die Kosten hierf\u00fcr sind stark abh\u00e4ngig von Land und Anzahl der zu pr\u00fcfenden Waren- und Dienstleistungsklassen.<\/p>\n<p><strong>Bitte <a title=\"KONTAKT\" href=\"https:\/\/media-law.at\/?page_id=56\">kontaktieren<\/a> Sie uns f\u00fcr ein individuelles Angebot!<\/strong><\/p>\n<p>[\/et_pb_cta][\/et_pb_column][et_pb_column type=&#8220;1_2&#8243; _builder_version=&#8220;3.25&#8243; custom_padding=&#8220;|||&#8220; custom_padding__hover=&#8220;|||&#8220;][et_pb_cta title=&#8220;\u00c4hnlichkeitsrecherche (\u00d6, EU, IR)&#8220; admin_label=&#8220;\u00c4hnlichkeit&#8220; _builder_version=&#8220;3.16&#8243; background_color=&#8220;#5b90bf&#8220; background_size=&#8220;initial&#8220; background_position=&#8220;top_left&#8220; background_repeat=&#8220;repeat&#8220; text_orientation=&#8220;left&#8220; button_text_size__hover_enabled=&#8220;off&#8220; button_one_text_size__hover_enabled=&#8220;off&#8220; button_two_text_size__hover_enabled=&#8220;off&#8220; button_text_color__hover_enabled=&#8220;off&#8220; button_one_text_color__hover_enabled=&#8220;off&#8220; button_two_text_color__hover_enabled=&#8220;off&#8220; button_border_width__hover_enabled=&#8220;off&#8220; button_one_border_width__hover_enabled=&#8220;off&#8220; button_two_border_width__hover_enabled=&#8220;off&#8220; button_border_color__hover_enabled=&#8220;off&#8220; button_one_border_color__hover_enabled=&#8220;off&#8220; button_two_border_color__hover_enabled=&#8220;off&#8220; button_border_radius__hover_enabled=&#8220;off&#8220; button_one_border_radius__hover_enabled=&#8220;off&#8220; button_two_border_radius__hover_enabled=&#8220;off&#8220; button_letter_spacing__hover_enabled=&#8220;off&#8220; button_one_letter_spacing__hover_enabled=&#8220;off&#8220; button_two_letter_spacing__hover_enabled=&#8220;off&#8220; button_bg_color__hover_enabled=&#8220;off&#8220; button_one_bg_color__hover_enabled=&#8220;off&#8220; button_two_bg_color__hover_enabled=&#8220;off&#8220;]Bei Bestellung einer \u00c4hnlichkeitsrecherche erhalten Sie eine Auflistung aller <strong>identischen und \u00e4hnlichen<\/strong><\/p>\n<ul>\n<li>\u00f6sterreichischen Marken,<\/li>\n<li>Unionsmarken und<\/li>\n<li>internationalen Registrierungen (mit Schutzausdehnung auf \u00d6sterreich und die EU),<\/li>\n<\/ul>\n<p>bei denen <strong>Verwechslungsgefahr<\/strong> bestehen k\u00f6nnte inkl. anwaltlicher <strong>Risikobewertung<\/strong>.<\/p>\n<p><strong>Pauschalpreis:<\/strong> EUR 300,00 + 20% USt f\u00fcr <strong>bis zu 5 Klassen<\/strong>.<\/p>\n<p>Jede weitere Klasse: EUR 50,00 + 20% USt.<br \/>\n[\/et_pb_cta][et_pb_cta title=&#8220;Detailrecherche EU&#8220; admin_label=&#8220;Detail EU&#8220; _builder_version=&#8220;4.4.6&#8243; background_color=&#8220;#f0b800&#8243; background_size=&#8220;initial&#8220; background_position=&#8220;top_left&#8220; background_repeat=&#8220;repeat&#8220; text_orientation=&#8220;left&#8220; hover_enabled=&#8220;0&#8243; button_text_size__hover_enabled=&#8220;off&#8220; button_one_text_size__hover_enabled=&#8220;off&#8220; button_two_text_size__hover_enabled=&#8220;off&#8220; button_text_color__hover_enabled=&#8220;off&#8220; button_one_text_color__hover_enabled=&#8220;off&#8220; button_two_text_color__hover_enabled=&#8220;off&#8220; button_border_width__hover_enabled=&#8220;off&#8220; button_one_border_width__hover_enabled=&#8220;off&#8220; button_two_border_width__hover_enabled=&#8220;off&#8220; button_border_color__hover_enabled=&#8220;off&#8220; button_one_border_color__hover_enabled=&#8220;off&#8220; button_two_border_color__hover_enabled=&#8220;off&#8220; button_border_radius__hover_enabled=&#8220;off&#8220; button_one_border_radius__hover_enabled=&#8220;off&#8220; button_two_border_radius__hover_enabled=&#8220;off&#8220; button_letter_spacing__hover_enabled=&#8220;off&#8220; button_one_letter_spacing__hover_enabled=&#8220;off&#8220; button_two_letter_spacing__hover_enabled=&#8220;off&#8220; button_bg_color__hover_enabled=&#8220;off&#8220; button_one_bg_color__hover_enabled=&#8220;off&#8220; button_two_bg_color__hover_enabled=&#8220;off&#8220;]<\/p>\n<p>Gegen eine Unionsmarkenanmeldung kann binnen 3 Monaten ab Ver\u00f6ffentlichung Widerspruch erhoben werden. Dieser kann auch auf eine nationale Marke (eines einzelnen EU-Mitgliedsstaates) gest\u00fctzt werden. Um vor der Anmeldung einer Unionsmarke solche Risiken weitestgehend zu vermeiden, bieten wir au\u00dferdem eine besonders detaillierte \u00c4hnlichkeitsrecherche an, die<strong> identische und \u00e4hnliche nationale Marken aller EU-Mitgliedstaaten<\/strong> enth\u00e4lt.<\/p>\n<p><strong>Preise auf <a title=\"KONTAKT\" href=\"https:\/\/media-law.at\/?page_id=56\">Anfrage<\/a>.<\/strong><\/p>\n<p>[\/et_pb_cta][\/et_pb_column][\/et_pb_row][\/et_pb_section]<\/p>\n","protected":false},"excerpt":{"rendered":"<p>Um Konflikte zu vermeiden, sollte\u00a0vor\u00a0Anmeldung einer Marke gekl\u00e4rt werden, ob bereits\u00a0identische oder \u00e4hnliche\u00a0Marken\u00a0f\u00fcr identische oder \u00e4hnliche Waren oder Dienstleistungen registriert sind.\u00a0Wir bieten Ihnen Verf\u00fcgbarkeitsrecherchen f\u00fcr Marken in unterschiedlich abgestuften Paketen an. Unterbleibt eine vorhergehende Recherche, k\u00f6nnen teure und langwierige Rechtsstreitigkeiten wegen Markenrechtsverletzungen die Folge sein. Die Bestellung einer Marken\u00e4hnlichkeitsrecherche ist daher besonders ratsam. Die aktuellen [&hellip;]<\/p>\n","protected":false},"author":1,"featured_media":0,"parent":613,"menu_order":0,"comment_status":"open","ping_status":"closed","template":"","meta":{"_et_pb_use_builder":"on","_et_pb_old_content":"","_et_gb_content_width":"","footnotes":""},"class_list":["post-712","page","type-page","status-publish","hentry"],"aioseo_notices":[],"_links":{"self":[{"href":"https:\/\/media-law.at\/index.php?rest_route=\/wp\/v2\/pages\/712","targetHints":{"allow":["GET"]}}],"collection":[{"href":"https:\/\/media-law.at\/index.php?rest_route=\/wp\/v2\/pages"}],"about":[{"href":"https:\/\/media-law.at\/index.php?rest_route=\/wp\/v2\/types\/page"}],"author":[{"embeddable":true,"href":"https:\/\/media-law.at\/index.php?rest_route=\/wp\/v2\/users\/1"}],"replies":[{"embeddable":true,"href":"https:\/\/media-law.at\/index.php?rest_route=%2Fwp%2Fv2%2Fcomments&post=712"}],"version-history":[{"count":17,"href":"https:\/\/media-law.at\/index.php?rest_route=\/wp\/v2\/pages\/712\/revisions"}],"predecessor-version":[{"id":4536,"href":"https:\/\/media-law.at\/index.php?rest_route=\/wp\/v2\/pages\/712\/revisions\/4536"}],"up":[{"embeddable":true,"href":"https:\/\/media-law.at\/index.php?rest_route=\/wp\/v2\/pages\/613"}],"wp:attachment":[{"href":"https:\/\/media-law.at\/index.php?rest_route=%2Fwp%2Fv2%2Fmedia&parent=712"}],"curies":[{"name":"wp","href":"https:\/\/api.w.org\/{rel}","templated":true}]}}