{"id":4341,"date":"2021-06-09T12:02:33","date_gmt":"2021-06-09T12:02:33","guid":{"rendered":"http:\/\/media-law.at\/?page_id=4341"},"modified":"2021-07-13T16:02:24","modified_gmt":"2021-07-13T16:02:24","slug":"social-media-recht","status":"publish","type":"page","link":"https:\/\/media-law.at\/?page_id=4341","title":{"rendered":"Social Media Recht"},"content":{"rendered":"<p>[et_pb_section fb_built=&#8220;1&#8243; _builder_version=&#8220;4.4.6&#8243; background_color=&#8220;#FFFFFF&#8220;][et_pb_row _builder_version=&#8220;3.25&#8243; background_size=&#8220;initial&#8220; background_position=&#8220;top_left&#8220; background_repeat=&#8220;repeat&#8220;][et_pb_column type=&#8220;4_4&#8243; _builder_version=&#8220;3.25&#8243; custom_padding=&#8220;|||&#8220; custom_padding__hover=&#8220;|||&#8220;][et_pb_cta title=&#8220;Internetrecht und Social Media Recht&#8220; admin_label=&#8220;Call To Action&#8220; _builder_version=&#8220;4.4.6&#8243; header_text_align=&#8220;center&#8220; background_color=&#8220;#EDF000&#8243; background_size=&#8220;initial&#8220; background_position=&#8220;top_left&#8220; background_repeat=&#8220;repeat&#8220; text_orientation=&#8220;left&#8220; background_layout=&#8220;light&#8220; hover_enabled=&#8220;0&#8243; button_text_size__hover_enabled=&#8220;off&#8220; button_one_text_size__hover_enabled=&#8220;off&#8220; button_two_text_size__hover_enabled=&#8220;off&#8220; button_text_color__hover_enabled=&#8220;off&#8220; button_one_text_color__hover_enabled=&#8220;off&#8220; button_two_text_color__hover_enabled=&#8220;off&#8220; button_border_width__hover_enabled=&#8220;off&#8220; button_one_border_width__hover_enabled=&#8220;off&#8220; button_two_border_width__hover_enabled=&#8220;off&#8220; button_border_color__hover_enabled=&#8220;off&#8220; button_one_border_color__hover_enabled=&#8220;off&#8220; button_two_border_color__hover_enabled=&#8220;off&#8220; button_border_radius__hover_enabled=&#8220;off&#8220; button_one_border_radius__hover_enabled=&#8220;off&#8220; button_two_border_radius__hover_enabled=&#8220;off&#8220; button_letter_spacing__hover_enabled=&#8220;off&#8220; button_one_letter_spacing__hover_enabled=&#8220;off&#8220; button_two_letter_spacing__hover_enabled=&#8220;off&#8220; button_bg_color__hover_enabled=&#8220;off&#8220; button_one_bg_color__hover_enabled=&#8220;off&#8220; button_two_bg_color__hover_enabled=&#8220;off&#8220;]<\/p>\n<p>&nbsp;<\/p>\n<p>Das Internet bietet seinen Nutzern eine unkomplizierte M\u00f6glichkeit, mit Texten, Bildern, Videos, Werbung, etc in kurzer Zeit eine gro\u00dfe Anzahl an Menschen zu erreichen. Fremde Inhalte werden ebenso schnell geteilt (\u201eSharing\u201c) und verbreiten sich schnell.<\/p>\n<p>Im Social Media Recht sind daher vielf\u00e4ltige Rechtsgrundlagen zu beachten: Vom allgemeinen Zivilrecht \u00fcber Medien-, Marken-, Urheber- und Wettbewerbs-, Datenschutz- und E-Commerce-Recht bis hin zum Strafrecht.<\/p>\n<p>Bei der Verwendung von Fotos und Videos sind neben den Verwertungsrechten des Urhebers oder Nutzungsrechten Dritter (wie zB Fotodatenbanken, \u201eStockfotos\u201c) auch Pers\u00f6nlichkeitsrechte, wie etwa das Recht am eigenen Bild zu beachten. Aber auch abtr\u00e4gliche Inhalte k\u00f6nnen die Tatbest\u00e4nde der Ehrenbeleidigung und\/oder Kreditsch\u00e4digung erf\u00fcllen und k\u00f6nnen Unterlassungs-, Schadenersatz- sowie Widerrufsanspr\u00fcche begr\u00fcnden. Die Grenzen, welche Ver\u00f6ffentlichungen rechtswidrig sind und welche zul\u00e4ssig, sind flie\u00dfend. In vielen F\u00e4llen findet eine Interessenabw\u00e4gung der gegen\u00fcberstehenden Parteien statt.<\/p>\n<p>Auch Betreiber einer Seite k\u00f6nnen f\u00fcr rechtswidrige Inhalte verantwortlich gemacht werden. Zwar besteht keine generelle \u00dcberwachungspflicht, jedoch muss der Betreiber unverz\u00fcglich nach Kenntnisnahme (etwa durch ein Aufforderungsschreiben) rechtswidrige Inhalte l\u00f6schen oder den Zugang zu ihnen sperren.<\/p>\n<p>Auch Unternehmen die auf Social Media-Kan\u00e4len werben, treffen entsprechende Informationspflichten sowie die Pflicht ein Impressum, eine Datenschutzerkl\u00e4rung, etc. abrufbar zu halten. Wenn der Social Media-Account noch dazu Shopping-M\u00f6glichkeiten vorsieht, sind auch die Bestimmungen des E-Commerce-Rechts zu beachten.<\/p>\n<p>Bitte nehmen Sie f\u00fcr Anfragen oder Terminvereinbarungen\u00a0<a title=\"KONTAKT\" href=\"https:\/\/media-law.at\/?page_id=56\">Kontakt<\/a>\u00a0auf.<\/p>\n<p>Aktuelle Urteile zu den Themen <a href=\"https:\/\/media-law.at\/?page_id=136\">Urheberrecht<\/a>, <a href=\"https:\/\/media-law.at\/?page_id=147\">Medienrecht<\/a>,\u00a0<a href=\"https:\/\/media-law.at\/?page_id=154\">Pers\u00f6nlichkeitsrecht<\/a>, <a href=\"https:\/\/media-law.at\/?page_id=124\">Markenrecht<\/a>, <a href=\"https:\/\/media-law.at\/?page_id=158\">IT-Recht<\/a> finden Sie im <a href=\"https:\/\/media-law.at\/?page_id=46\">Blog<\/a>.<\/p>\n<p>[\/et_pb_cta][\/et_pb_column][\/et_pb_row][\/et_pb_section]<\/p>\n","protected":false},"excerpt":{"rendered":"<p>&nbsp; Das Internet bietet seinen Nutzern eine unkomplizierte M\u00f6glichkeit, mit Texten, Bildern, Videos, Werbung, etc in kurzer Zeit eine gro\u00dfe Anzahl an Menschen zu erreichen. Fremde Inhalte werden ebenso schnell geteilt (\u201eSharing\u201c) und verbreiten sich schnell. Im Social Media Recht sind daher vielf\u00e4ltige Rechtsgrundlagen zu beachten: Vom allgemeinen Zivilrecht \u00fcber Medien-, Marken-, Urheber- und Wettbewerbs-, [&hellip;]<\/p>\n","protected":false},"author":1,"featured_media":0,"parent":26,"menu_order":0,"comment_status":"closed","ping_status":"closed","template":"","meta":{"_et_pb_use_builder":"on","_et_pb_old_content":"","_et_gb_content_width":"","footnotes":""},"class_list":["post-4341","page","type-page","status-publish","hentry"],"aioseo_notices":[],"_links":{"self":[{"href":"https:\/\/media-law.at\/index.php?rest_route=\/wp\/v2\/pages\/4341","targetHints":{"allow":["GET"]}}],"collection":[{"href":"https:\/\/media-law.at\/index.php?rest_route=\/wp\/v2\/pages"}],"about":[{"href":"https:\/\/media-law.at\/index.php?rest_route=\/wp\/v2\/types\/page"}],"author":[{"embeddable":true,"href":"https:\/\/media-law.at\/index.php?rest_route=\/wp\/v2\/users\/1"}],"replies":[{"embeddable":true,"href":"https:\/\/media-law.at\/index.php?rest_route=%2Fwp%2Fv2%2Fcomments&post=4341"}],"version-history":[{"count":7,"href":"https:\/\/media-law.at\/index.php?rest_route=\/wp\/v2\/pages\/4341\/revisions"}],"predecessor-version":[{"id":4528,"href":"https:\/\/media-law.at\/index.php?rest_route=\/wp\/v2\/pages\/4341\/revisions\/4528"}],"up":[{"embeddable":true,"href":"https:\/\/media-law.at\/index.php?rest_route=\/wp\/v2\/pages\/26"}],"wp:attachment":[{"href":"https:\/\/media-law.at\/index.php?rest_route=%2Fwp%2Fv2%2Fmedia&parent=4341"}],"curies":[{"name":"wp","href":"https:\/\/api.w.org\/{rel}","templated":true}]}}