{"id":42,"date":"2014-01-18T17:25:41","date_gmt":"2014-01-18T17:25:41","guid":{"rendered":"http:\/\/media-law.at\/?page_id=42"},"modified":"2022-03-04T13:01:06","modified_gmt":"2022-03-04T13:01:06","slug":"honorar","status":"publish","type":"page","link":"https:\/\/media-law.at\/?page_id=42","title":{"rendered":"HONORAR"},"content":{"rendered":"<p>[et_pb_section fb_built=&#8220;1&#8243; inner_shadow=&#8220;on&#8220; _builder_version=&#8220;3.22.3&#8243; background_color=&#8220;#ffffff&#8220; parallax=&#8220;on&#8220; global_colors_info=&#8220;{}&#8220;][et_pb_row _builder_version=&#8220;3.25&#8243; background_size=&#8220;initial&#8220; background_position=&#8220;top_left&#8220; background_repeat=&#8220;repeat&#8220; global_colors_info=&#8220;{}&#8220;][et_pb_column type=&#8220;4_4&#8243; _builder_version=&#8220;3.25&#8243; custom_padding=&#8220;|||&#8220; global_colors_info=&#8220;{}&#8220; custom_padding__hover=&#8220;|||&#8220;][et_pb_text admin_label=&#8220;Text&#8220; _builder_version=&#8220;3.27.4&#8243; background_size=&#8220;initial&#8220; background_position=&#8220;top_left&#8220; background_repeat=&#8220;repeat&#8220; text_orientation=&#8220;center&#8220; module_alignment=&#8220;center&#8220; global_colors_info=&#8220;{}&#8220;]<\/p>\n<h2>Honorar<\/h2>\n<h2><\/h2>\n<p>[\/et_pb_text][et_pb_text admin_label=&#8220;Text&#8220; _builder_version=&#8220;4.13.1&#8243; background_size=&#8220;initial&#8220; background_position=&#8220;top_left&#8220; background_repeat=&#8220;repeat&#8220; hover_enabled=&#8220;0&#8243; global_colors_info=&#8220;{}&#8220; sticky_enabled=&#8220;0&#8243;]<\/p>\n<p>Kostentransparenz ist wichtig. Daher werden das Honorar und die voraussichtliche Gesamtbelastung besprochen, bevor Kosten entstehen.<\/p>\n<p>Folgende Verrechnungsm\u00f6glichkeiten stehen zur Auswahl:<\/p>\n<p><strong>1. Tarifm\u00e4\u00dfiges Honorar<\/strong><\/p>\n<p>Zur Ermittlung des Honorars werden f\u00fcr gew\u00f6hnlich das Rechtsanwaltstarifgesetz (RATG), die Allgemeinen Honorar-Kriterien (AHK) sowie das Notariatstarifgesetz (NTG) herangezogen. Hier werden entweder Einzelleistungen oder &#8222;Hauptleistungen&#8220; mit Einheitssatz (der &#8222;Nebenleistungen&#8220; abdeckt) abgerechnet, wobei je nach Streitwert bzw Bemessungsgrundlage unterschiedlich hohe Tarifans\u00e4tze herangezogen werden.<\/p>\n<p>Sollte im Einzelfall keine bestimmte Honorarvereinbarung geschlossen worden sein, wird nach Tarif abgerechnet.<\/p>\n<p><strong>2. Stundensatzhonorar<\/strong><\/p>\n<p>Die individuelle Vereinbarung von fallbezogenen Stundens\u00e4tzen ist jederzeit m\u00f6glich. Es wird hier ein Honorar vereinbart, das nach geleisteten Zeiteinheiten abgerechnet wird. Die Honorarnote weist selbstverst\u00e4ndlich auch bei dieser Variante eine detaillierte Aufstellung der einzelnen erbrachten Leistungen auf.<\/p>\n<p><strong>3. Pauschalhonorar<\/strong><\/p>\n<p>In bestimmten Angelegenheiten ist der tats\u00e4chliche Aufwand im Vorhinein relativ genau absch\u00e4tzbar (Markenanmeldungen, Vertragserrichtungen, Gesellschaftsgr\u00fcndungen, etc). Hier kann ein genau festgelegtes Pauschalhonorar f\u00fcr einen genau abgesteckten Leistungsumfang festgelegt werden. Die anfallenden Kosten sind damit von Anfang an vorhersehbar.<\/p>\n<p style=\"text-align: center;\">***<\/p>\n<p style=\"text-align: left;\">Die <strong>Erstberatung <\/strong>wird pauschal mit <strong>EUR 150,00<\/strong> brutto (inkl. USt) verrechnet. Dieser Termin (in der Dauer von ca. 30 Minuten) dient der Er\u00f6rterung Ihres Anliegens, einer ersten rechtlichen Einsch\u00e4tzung, der Planung m\u00f6glicher weiterer Schritte sowie einer Kostensch\u00e4tzung f\u00fcr die Bearbeitung Ihres Anliegens.<\/p>\n<p style=\"text-align: left;\">Der <strong>Erstkontakt<\/strong> per Telefon oder E-Mail ist jedoch <strong>kostenlos<\/strong>. Hierbei wird zun\u00e4chst der Grund Ihrer Kontaktaufnahme besprochen und gekl\u00e4rt, ob die Kanzlei Sie grunds\u00e4tzlich beraten und vertreten kann.<\/p>\n<p style=\"text-align: center;\">***<\/p>\n<p style=\"text-align: left;\"><strong>AGB:<\/strong> Die allgemeinen Auftragsbedingungen der Kanzlei finden Sie hier: <a href=\"https:\/\/media-law.at\/wp-content\/uploads\/2021\/12\/Auftragsbedingungen-Waehringer-12-2021.pdf\" rel=\"attachment wp-att-4760\">Auftragsbedingungen<\/a>.\u00a0Diese beruhen auf einer Empfehlung der Rechtsanwaltskammer.<\/p>\n<p style=\"text-align: center;\">***<\/p>\n<p><strong>Info-Folder:\u00a0<\/strong>Eine interessante Brosch\u00fcre der Rechtsanwaltskammer (&#8222;Mein Recht ist kostbar&#8220;) k\u00f6nnen Sie hier herunterladen:\u00a0<a href=\"https:\/\/media-law.at\/wp-content\/uploads\/2014\/01\/Mein-Recht-ist-kostbar_2013_12_02.pdf\">Mein Recht ist kostbar<\/a>.\u00a0Ab Seite 62 der Brosch\u00fcre ist das Honorar des Rechtsanwalts bzw dessen Gestaltungsm\u00f6glichkeiten detailliert erkl\u00e4rt.<\/p>\n<p>[\/et_pb_text][\/et_pb_column][\/et_pb_row][et_pb_row _builder_version=&#8220;4.4.6&#8243; global_colors_info=&#8220;{}&#8220;][et_pb_column type=&#8220;4_4&#8243; _builder_version=&#8220;4.4.6&#8243; global_colors_info=&#8220;{}&#8220;][et_pb_image src=&#8220;https:\/\/media-law.at\/wp-content\/uploads\/2021\/07\/iStock-915463100-300&#215;200.jpg&#8220; title_text=&#8220;Piggy Bank With Eyes Glass And Blackboard&#8220; align=&#8220;center&#8220; _builder_version=&#8220;4.4.6&#8243; global_colors_info=&#8220;{}&#8220;][\/et_pb_image][\/et_pb_column][\/et_pb_row][\/et_pb_section]<\/p>\n","protected":false},"excerpt":{"rendered":"<p>Honorar Kostentransparenz ist wichtig. Daher werden das Honorar und die voraussichtliche Gesamtbelastung besprochen, bevor Kosten entstehen. Folgende Verrechnungsm\u00f6glichkeiten stehen zur Auswahl: 1. Tarifm\u00e4\u00dfiges Honorar Zur Ermittlung des Honorars werden f\u00fcr gew\u00f6hnlich das Rechtsanwaltstarifgesetz (RATG), die Allgemeinen Honorar-Kriterien (AHK) sowie das Notariatstarifgesetz (NTG) herangezogen. Hier werden entweder Einzelleistungen oder &#8222;Hauptleistungen&#8220; mit Einheitssatz (der &#8222;Nebenleistungen&#8220; abdeckt) abgerechnet, [&hellip;]<\/p>\n","protected":false},"author":1,"featured_media":0,"parent":0,"menu_order":0,"comment_status":"open","ping_status":"open","template":"","meta":{"_et_pb_use_builder":"on","_et_pb_old_content":"","_et_gb_content_width":"","footnotes":""},"class_list":["post-42","page","type-page","status-publish","hentry"],"aioseo_notices":[],"_links":{"self":[{"href":"https:\/\/media-law.at\/index.php?rest_route=\/wp\/v2\/pages\/42","targetHints":{"allow":["GET"]}}],"collection":[{"href":"https:\/\/media-law.at\/index.php?rest_route=\/wp\/v2\/pages"}],"about":[{"href":"https:\/\/media-law.at\/index.php?rest_route=\/wp\/v2\/types\/page"}],"author":[{"embeddable":true,"href":"https:\/\/media-law.at\/index.php?rest_route=\/wp\/v2\/users\/1"}],"replies":[{"embeddable":true,"href":"https:\/\/media-law.at\/index.php?rest_route=%2Fwp%2Fv2%2Fcomments&post=42"}],"version-history":[{"count":42,"href":"https:\/\/media-law.at\/index.php?rest_route=\/wp\/v2\/pages\/42\/revisions"}],"predecessor-version":[{"id":4978,"href":"https:\/\/media-law.at\/index.php?rest_route=\/wp\/v2\/pages\/42\/revisions\/4978"}],"wp:attachment":[{"href":"https:\/\/media-law.at\/index.php?rest_route=%2Fwp%2Fv2%2Fmedia&parent=42"}],"curies":[{"name":"wp","href":"https:\/\/api.w.org\/{rel}","templated":true}]}}