{"id":265,"date":"2013-03-19T16:07:47","date_gmt":"2013-03-19T16:07:47","guid":{"rendered":"http:\/\/lawbulletin.wordpress.com\/?page_id=52"},"modified":"2026-02-13T09:54:40","modified_gmt":"2026-02-13T09:54:40","slug":"impressum","status":"publish","type":"page","link":"https:\/\/media-law.at\/?page_id=265","title":{"rendered":"Impressum"},"content":{"rendered":"[et_pb_section fb_built=&#8220;1&#8243; admin_label=&#8220;section&#8220; _builder_version=&#8220;4.16&#8243; global_colors_info=&#8220;{}&#8220;][et_pb_row admin_label=&#8220;row&#8220; _builder_version=&#8220;4.16&#8243; background_size=&#8220;initial&#8220; background_position=&#8220;top_left&#8220; background_repeat=&#8220;repeat&#8220; global_colors_info=&#8220;{}&#8220;][et_pb_column type=&#8220;4_4&#8243; _builder_version=&#8220;4.16&#8243; custom_padding=&#8220;|||&#8220; global_colors_info=&#8220;{}&#8220; custom_padding__hover=&#8220;|||&#8220;][et_pb_text admin_label=&#8220;Text&#8220; _builder_version=&#8220;4.27.0&#8243; background_size=&#8220;initial&#8220; background_position=&#8220;top_left&#8220; background_repeat=&#8220;repeat&#8220; hover_enabled=&#8220;0&#8243; global_colors_info=&#8220;{}&#8220; sticky_enabled=&#8220;0&#8243;]<h3 style=\"text-align: center;\">Impressum<\/h3>\n<p>&nbsp;<\/p>\n<p>Dr. Lisa Knapp-Untermoser<br \/>Canovagasse 7\/10A<br \/>A-1010 Wien<\/p>\n<p>Telefon: +43-1-8023502<br \/>E-Mail: office@ra-knapp.at<\/p>\n<p>RA-Code: R-176170<\/p>\n<p>UID: ATU 67088803<\/p>\n<p>Dr. Lisa Knapp-Untermoser ist in \u00d6sterreich zugelassene Rechtsanw\u00e4ltin und in die Liste der Rechtsanw\u00e4lte der Rechtsanwaltskammer Wien eingetragen.<\/p>\n<p>Die Berufsaus\u00fcbung unterliegt der Rechtsanwaltsordnung, dem Standesrecht der \u00f6sterreichischen Rechtsanw\u00e4lte (RAO, RL-BA, DSt; \u00a0abrufbar unter\u00a0<a href=\"https:\/\/www.rechtsanwaelte.at\/kammer\/gesetzestexte\/\" target=\"_blank\" rel=\"noopener noreferrer\">https:\/\/www.rechtsanwaelte.at\/kammer\/gesetzestexte\/<\/a>\u00a0, <a href=\"http:\/\/www.oerak.at\" target=\"_blank\" rel=\"noopener noreferrer\">www.oerak.at<\/a> und\u00a0<a href=\"http:\/\/www.ris.bka.gv.at\/\" target=\"_blank\" rel=\"noopener noreferrer\">www.ris.bka.gv.at<\/a>) und der Aufsicht der Rechtsanwaltskammer Wien (<a href=\"http:\/\/www.rakwien.at\" target=\"_blank\" rel=\"noopener noreferrer\">www.rakwien.at<\/a>).<\/p>\n<p>Die <a href=\"https:\/\/media-law.at\/?page_id=2352\"><strong>Datenschutzerkl\u00e4rung<\/strong><\/a> ist\u00a0unter diesem Link abrufbar.<\/p>\n<p>Die\u00a0<strong><a href=\"https:\/\/media-law.at\/wp-content\/uploads\/2021\/12\/Auftragsbedingungen-Waehringer-12-2021.pdf\">Auftragsbedingungen<\/a>\u00a0<\/strong>sind unter diesem Link abrufbar.<\/p>\n<p>&nbsp;<\/p>\n<p><\/p>[\/et_pb_text][\/et_pb_column][\/et_pb_row][\/et_pb_section]<!-- \/wp:post-content -->","protected":false},"excerpt":{"rendered":"<p>Impressum &nbsp; Dr. Lisa Knapp-UntermoserCanovagasse 7\/10AA-1010 Wien Telefon: +43-1-8023502E-Mail: office@ra-knapp.at RA-Code: R-176170 UID: ATU 67088803 Dr. Lisa Knapp-Untermoser ist in \u00d6sterreich zugelassene Rechtsanw\u00e4ltin und in die Liste der Rechtsanw\u00e4lte der Rechtsanwaltskammer Wien eingetragen. Die Berufsaus\u00fcbung unterliegt der Rechtsanwaltsordnung, dem Standesrecht der \u00f6sterreichischen Rechtsanw\u00e4lte (RAO, RL-BA, DSt; \u00a0abrufbar unter\u00a0https:\/\/www.rechtsanwaelte.at\/kammer\/gesetzestexte\/\u00a0, www.oerak.at und\u00a0www.ris.bka.gv.at) und der Aufsicht der Rechtsanwaltskammer [&hellip;]<\/p>\n","protected":false},"author":1,"featured_media":0,"parent":0,"menu_order":0,"comment_status":"closed","ping_status":"closed","template":"","meta":{"_et_pb_use_builder":"on","_et_pb_old_content":"<p>Dr. Lisa Knapp-Untermoser<br \/>Fleischmarkt 1\/6\/12<br \/>A-1010 Wien<\/p>\n<p>Telefon: +43-1-8023502<br \/>Fax: +43-1-25330332212<br \/>E-Mail: office@ra-knapp.at<\/p>\n<p>RA-Code: R-176170<\/p>\n<p>UID: ATU 67088803<\/p>\n<p>Dr. Lisa Knapp-Untermoser ist in \u00d6sterreich zugelassene Rechtsanw\u00e4ltin und in die Liste der Rechtsanw\u00e4lte der Rechtsanwaltskammer Wien eingetragen.<\/p>\n<p>Die Berufsaus\u00fcbung unterliegt der Rechtsanwaltsordnung, dem Standesrecht der \u00f6sterreichischen Rechtsanw\u00e4lte (RAO, RL-BA, DSt; abrufbar unter www.oerak.at) und der Aufsicht der Rechtsanwaltskammer Wien.<\/p>\n<p>Die <a href=\"https:\/\/media-law.at\/?page_id=2352\"><strong>Datenschutzerkl\u00e4rung<\/strong><\/a> ist\u00a0unter diesem Link abrufbar.<\/p>\n<p>Die Auftragsbedingungen sind unter diesem Link abrufbar: <a href=\"https:\/\/media-law.at\/wp-content\/uploads\/2020\/01\/Auftragsbedigungen-neu-01-2020.pdf\">Auftragsbedingungen<\/a><\/p>\n<p><strong>Information zu \"Cookies\"<\/strong><\/p>\n<p>Diese Websites verwendet \"Cookies\". \"Cookies\" sind kleine Textdateien, die vom Webbrowser auf der Festplatte des Computers gespeichert werden. Wenn Sie diese Website ohne Cookies betrachten m\u00f6chten, w\u00e4hlen Sie bitte in den Einstellungen Ihres Browsers die Funktion \u201eKeine Cookies akzeptieren\u201c o.\u00e4. aus.\u00a0Es besteht dort auch die M\u00f6glichkeit, bereits gesetzte Cookies wieder zu l\u00f6schen. Wie das funktioniert, entnehmen Sie bitte der Beschreibung bzw. via Hilfe-Funktion Ihres Browser-Anbieters.<\/p>\n<p>Diese Website benutzt konkret den Webanalysedienst Google Analytics der Google Inc. (\u201eGoogle\u201c). Google Analytics verwendet \u201eCookies\u201c um\u00a0eine Analyse der Benutzung der Website durch Sie zu erm\u00f6glichen. Die durch das Cookie erzeugten Informationen \u00fcber Ihre Benutzung dieser Website werden in der Regel an einen Server von Google in den USA \u00fcbertragen und dort gespeichert. Im Falle der Aktivierung der IP-Anonymisierung auf dieser Website, wird Ihre IP-Adresse von Google jedoch innerhalb von Mitgliedstaaten der Europ\u00e4ischen Union oder in anderen Vertragsstaaten des Abkommens \u00fcber den Europ\u00e4ischen Wirtschaftsraum zuvor gek\u00fcrzt. Nur in Ausnahmef\u00e4llen wird die volle IP-Adresse an einen Server von Google in den USA \u00fcbertragen und dort gek\u00fcrzt. Im Auftrag des Betreibers dieser Website wird Google diese Informationen benutzen, um Ihre Nutzung der Website auszuwerten, um Reports \u00fcber die Websiteaktivit\u00e4ten zusammenzustellen und um weitere mit der Websitenutzung und der Internetnutzung verbundene Dienstleistungen gegen\u00fcber dem Websitebetreiber zu erbringen. Die im Rahmen von Google Analytics von Ihrem Browser \u00fcbermittelte IP-Adresse wird nicht mit anderen Daten von Google zusammengef\u00fchrt. Sie k\u00f6nnen die Speicherung der Cookies durch eine entsprechende Einstellung Ihrer Browser-Software verhindern; wir weisen Sie jedoch darauf hin, dass Sie in diesem Fall gegebenenfalls nicht s\u00e4mtliche Funktionen dieser Website vollumf\u00e4nglich werden nutzen k\u00f6nnen. Sie k\u00f6nnen dar\u00fcber hinaus die Erfassung der durch das Cookie erzeugten und auf Ihre Nutzung der Website bezogenen Daten (inkl. Ihrer IP-Adresse) an Google sowie die Verarbeitung dieser Daten durch Google verhindern, indem Sie das unter dem folgenden Link (<a href=\"https:\/\/tools.google.com\/dlpage\/gaoptout?hl=de\">https:\/\/tools.google.com\/dlpage\/gaoptout?hl=de<\/a>) verf\u00fcgbare Browser-Plugin herunterladen und installieren.<\/p>\n\n<!-- wp:paragraph -->\n<p><\/p>\n<!-- \/wp:paragraph -->","_et_gb_content_width":"","footnotes":""},"class_list":["post-265","page","type-page","status-publish","hentry"],"aioseo_notices":[],"_links":{"self":[{"href":"https:\/\/media-law.at\/index.php?rest_route=\/wp\/v2\/pages\/265","targetHints":{"allow":["GET"]}}],"collection":[{"href":"https:\/\/media-law.at\/index.php?rest_route=\/wp\/v2\/pages"}],"about":[{"href":"https:\/\/media-law.at\/index.php?rest_route=\/wp\/v2\/types\/page"}],"author":[{"embeddable":true,"href":"https:\/\/media-law.at\/index.php?rest_route=\/wp\/v2\/users\/1"}],"replies":[{"embeddable":true,"href":"https:\/\/media-law.at\/index.php?rest_route=%2Fwp%2Fv2%2Fcomments&post=265"}],"version-history":[{"count":34,"href":"https:\/\/media-law.at\/index.php?rest_route=\/wp\/v2\/pages\/265\/revisions"}],"predecessor-version":[{"id":8338,"href":"https:\/\/media-law.at\/index.php?rest_route=\/wp\/v2\/pages\/265\/revisions\/8338"}],"wp:attachment":[{"href":"https:\/\/media-law.at\/index.php?rest_route=%2Fwp%2Fv2%2Fmedia&parent=265"}],"curies":[{"name":"wp","href":"https:\/\/api.w.org\/{rel}","templated":true}]}}