{"id":158,"date":"2014-01-18T23:19:43","date_gmt":"2014-01-18T23:19:43","guid":{"rendered":"http:\/\/media-law.at\/?page_id=158"},"modified":"2021-07-13T16:03:37","modified_gmt":"2021-07-13T16:03:37","slug":"it-recht","status":"publish","type":"page","link":"https:\/\/media-law.at\/?page_id=158","title":{"rendered":"IT-Recht"},"content":{"rendered":"<p>[et_pb_section fb_built=&#8220;1&#8243; _builder_version=&#8220;4.4.6&#8243; background_color=&#8220;#FFFFFF&#8220;][et_pb_row _builder_version=&#8220;3.25&#8243; background_size=&#8220;initial&#8220; background_position=&#8220;top_left&#8220; background_repeat=&#8220;repeat&#8220;][et_pb_column type=&#8220;4_4&#8243; _builder_version=&#8220;3.25&#8243; custom_padding=&#8220;|||&#8220; custom_padding__hover=&#8220;|||&#8220;][et_pb_cta title=&#8220;IT-, Internet- und Datenschutzrecht&#8220; admin_label=&#8220;Call To Action&#8220; _builder_version=&#8220;4.4.6&#8243; header_text_align=&#8220;center&#8220; background_color=&#8220;#d6d6d6&#8243; background_size=&#8220;initial&#8220; background_position=&#8220;top_left&#8220; background_repeat=&#8220;repeat&#8220; text_orientation=&#8220;left&#8220; background_layout=&#8220;light&#8220; hover_enabled=&#8220;0&#8243; button_text_size__hover_enabled=&#8220;off&#8220; button_one_text_size__hover_enabled=&#8220;off&#8220; button_two_text_size__hover_enabled=&#8220;off&#8220; button_text_color__hover_enabled=&#8220;off&#8220; button_one_text_color__hover_enabled=&#8220;off&#8220; button_two_text_color__hover_enabled=&#8220;off&#8220; button_border_width__hover_enabled=&#8220;off&#8220; button_one_border_width__hover_enabled=&#8220;off&#8220; button_two_border_width__hover_enabled=&#8220;off&#8220; button_border_color__hover_enabled=&#8220;off&#8220; button_one_border_color__hover_enabled=&#8220;off&#8220; button_two_border_color__hover_enabled=&#8220;off&#8220; button_border_radius__hover_enabled=&#8220;off&#8220; button_one_border_radius__hover_enabled=&#8220;off&#8220; button_two_border_radius__hover_enabled=&#8220;off&#8220; button_letter_spacing__hover_enabled=&#8220;off&#8220; button_one_letter_spacing__hover_enabled=&#8220;off&#8220; button_two_letter_spacing__hover_enabled=&#8220;off&#8220; button_bg_color__hover_enabled=&#8220;off&#8220; button_one_bg_color__hover_enabled=&#8220;off&#8220; button_two_bg_color__hover_enabled=&#8220;off&#8220;]<\/p>\n<p>&nbsp;<\/p>\n<p>Das <strong>Informationstechnologierecht<\/strong> (kurz: &#8222;IT-Recht&#8220;) ist ein \u00dcberbegriff f\u00fcr eine Bandbreite an gesetzlichen Bestimmungen rund um\u00a0Computer,\u00a0elektronische Datenverarbeitung, Software, Internet, Domains, elektronischen Gesch\u00e4ftsverkehr, Telekommunikation, etc.<\/p>\n<p>Zu den Beratungsleistungen der Kanzlei z\u00e4hlen insbesondere:<\/p>\n<ul>\n<li><strong>IT-Vertr\u00e4ge:<\/strong>\u00a0Softwarevertr\u00e4ge (Verkauf, Vermietung, Leasing, Vertrieb, Anpassung;\u00a0Erstellung von Individualsoftware), Outsourcing,Vertr\u00e4ge \u00fcber IT-Projekte, Lizenzvertr\u00e4ge, Service Providing, etc<\/li>\n<\/ul>\n<ul>\n<li><a title=\"E-Commerce-Recht\" href=\"https:\/\/media-law.at\/?page_id=1026\">Elektronischer Gesch\u00e4ftsverkehr (<strong>E-Commerce<\/strong>)<\/a>:\u00a0Fernabsatzgesch\u00e4fte, Online\/Mobile Business, Webshops, Internetauktionen<\/li>\n<\/ul>\n<ul>\n<li><strong><a title=\"Domainrecht\" href=\"https:\/\/media-law.at\/?page_id=1030\">Domainrecht<\/a>:\u00a0<\/strong>Strategische Beratung bei Domainregistrierungen, Beratung im Falle von Verwendung fremder Kennzeichen oder Marken als Bestandteil von Domains, Domaingrabbing, Cybersquatting<\/li>\n<\/ul>\n<ul>\n<li><strong>Datenschutzrecht:<\/strong>\u00a0Beratung rund um die Sammlung und Verarbeitung von Daten, Schutz von personenbezogenen Daten, Erstellung von entsprechenden Vertragsklauseln, Geltendmachung von Anspr\u00fcchen nach Datenschutzrechtsverletzungen, uvm.<\/li>\n<\/ul>\n<ul>\n<li><strong>Telekommunikationsrecht:<\/strong>\u00a0Rechtsberatung rund um die elektronische Kommunikation, Telekommunikationsdienste,\u00a0Telekommunikationsanlagen<\/li>\n<\/ul>\n<ul>\n<li>Besondere <strong>Fragestellungen des Immaterialg\u00fcterrechts mit IT-Bezug<\/strong>:\u00a0Marken- und Kennzeichenverletzungen im Internet; Urheberrechtsverletzungen im Internet; Softwareschutz im Urheberrecht, Patentrecht, Markenrecht; Open Source Software;\u00a0Rechtsschutz von Datenbanken<\/li>\n<\/ul>\n<p><strong>Wir beraten und vertreten Sie gerne in allen oben angef\u00fchrten Angelegenheiten!<\/strong><\/p>\n<p>F\u00fcr Anfragen und Terminvereinbarungen\u00a0<a title=\"KONTAKT\" href=\"https:\/\/media-law.at\/?page_id=56\">kontaktieren<\/a>\u00a0Sie bitte die Kanzlei.<\/p>\n<p>[\/et_pb_cta][\/et_pb_column][\/et_pb_row][\/et_pb_section]<\/p>\n","protected":false},"excerpt":{"rendered":"<p>&nbsp; Das Informationstechnologierecht (kurz: &#8222;IT-Recht&#8220;) ist ein \u00dcberbegriff f\u00fcr eine Bandbreite an gesetzlichen Bestimmungen rund um\u00a0Computer,\u00a0elektronische Datenverarbeitung, Software, Internet, Domains, elektronischen Gesch\u00e4ftsverkehr, Telekommunikation, etc. Zu den Beratungsleistungen der Kanzlei z\u00e4hlen insbesondere: IT-Vertr\u00e4ge:\u00a0Softwarevertr\u00e4ge (Verkauf, Vermietung, Leasing, Vertrieb, Anpassung;\u00a0Erstellung von Individualsoftware), Outsourcing,Vertr\u00e4ge \u00fcber IT-Projekte, Lizenzvertr\u00e4ge, Service Providing, etc Elektronischer Gesch\u00e4ftsverkehr (E-Commerce):\u00a0Fernabsatzgesch\u00e4fte, Online\/Mobile Business, Webshops, Internetauktionen Domainrecht:\u00a0Strategische Beratung [&hellip;]<\/p>\n","protected":false},"author":1,"featured_media":0,"parent":26,"menu_order":0,"comment_status":"open","ping_status":"open","template":"","meta":{"_et_pb_use_builder":"on","_et_pb_old_content":"","_et_gb_content_width":"","footnotes":""},"class_list":["post-158","page","type-page","status-publish","hentry"],"aioseo_notices":[],"_links":{"self":[{"href":"https:\/\/media-law.at\/index.php?rest_route=\/wp\/v2\/pages\/158","targetHints":{"allow":["GET"]}}],"collection":[{"href":"https:\/\/media-law.at\/index.php?rest_route=\/wp\/v2\/pages"}],"about":[{"href":"https:\/\/media-law.at\/index.php?rest_route=\/wp\/v2\/types\/page"}],"author":[{"embeddable":true,"href":"https:\/\/media-law.at\/index.php?rest_route=\/wp\/v2\/users\/1"}],"replies":[{"embeddable":true,"href":"https:\/\/media-law.at\/index.php?rest_route=%2Fwp%2Fv2%2Fcomments&post=158"}],"version-history":[{"count":15,"href":"https:\/\/media-law.at\/index.php?rest_route=\/wp\/v2\/pages\/158\/revisions"}],"predecessor-version":[{"id":4530,"href":"https:\/\/media-law.at\/index.php?rest_route=\/wp\/v2\/pages\/158\/revisions\/4530"}],"up":[{"embeddable":true,"href":"https:\/\/media-law.at\/index.php?rest_route=\/wp\/v2\/pages\/26"}],"wp:attachment":[{"href":"https:\/\/media-law.at\/index.php?rest_route=%2Fwp%2Fv2%2Fmedia&parent=158"}],"curies":[{"name":"wp","href":"https:\/\/api.w.org\/{rel}","templated":true}]}}