{"id":151,"date":"2014-01-18T23:11:01","date_gmt":"2014-01-18T23:11:01","guid":{"rendered":"http:\/\/media-law.at\/?page_id=151"},"modified":"2021-07-05T08:58:31","modified_gmt":"2021-07-05T08:58:31","slug":"verlagsrecht","status":"publish","type":"page","link":"https:\/\/media-law.at\/?page_id=151","title":{"rendered":"Verlagsrecht"},"content":{"rendered":"<p>[et_pb_section fb_built=&#8220;1&#8243; _builder_version=&#8220;4.4.6&#8243; background_color=&#8220;#FFFFFF&#8220;][et_pb_row _builder_version=&#8220;3.25&#8243; background_size=&#8220;initial&#8220; background_position=&#8220;top_left&#8220; background_repeat=&#8220;repeat&#8220;][et_pb_column type=&#8220;4_4&#8243; _builder_version=&#8220;3.25&#8243; custom_padding=&#8220;|||&#8220; custom_padding__hover=&#8220;|||&#8220;][et_pb_cta title=&#8220;Verlagsrecht&#8220; admin_label=&#8220;Call To Action&#8220; _builder_version=&#8220;4.4.6&#8243; header_text_align=&#8220;center&#8220; background_color=&#8220;#ffffff&#8220; background_size=&#8220;initial&#8220; background_position=&#8220;top_left&#8220; background_repeat=&#8220;repeat&#8220; text_orientation=&#8220;left&#8220; background_layout=&#8220;light&#8220; hover_enabled=&#8220;0&#8243; button_text_size__hover_enabled=&#8220;off&#8220; button_one_text_size__hover_enabled=&#8220;off&#8220; button_two_text_size__hover_enabled=&#8220;off&#8220; button_text_color__hover_enabled=&#8220;off&#8220; button_one_text_color__hover_enabled=&#8220;off&#8220; button_two_text_color__hover_enabled=&#8220;off&#8220; button_border_width__hover_enabled=&#8220;off&#8220; button_one_border_width__hover_enabled=&#8220;off&#8220; button_two_border_width__hover_enabled=&#8220;off&#8220; button_border_color__hover_enabled=&#8220;off&#8220; button_one_border_color__hover_enabled=&#8220;off&#8220; button_two_border_color__hover_enabled=&#8220;off&#8220; button_border_radius__hover_enabled=&#8220;off&#8220; button_one_border_radius__hover_enabled=&#8220;off&#8220; button_two_border_radius__hover_enabled=&#8220;off&#8220; button_letter_spacing__hover_enabled=&#8220;off&#8220; button_one_letter_spacing__hover_enabled=&#8220;off&#8220; button_two_letter_spacing__hover_enabled=&#8220;off&#8220; button_bg_color__hover_enabled=&#8220;off&#8220; button_one_bg_color__hover_enabled=&#8220;off&#8220; button_two_bg_color__hover_enabled=&#8220;off&#8220;]<\/p>\n<p>&nbsp;<\/p>\n<p>Die Beratungsleistung der Kanzlei im\u00a0Verlagsrecht\u00a0umfasst insbesondere die Errichtung von <strong>Verlagsvertr\u00e4gen<\/strong> zwischen Autoren und Verlagen. Bei solch sensiblen Vertr\u00e4gen \u00fcber die kommerzielle Verwertung des geistigen Schaffens eines Menschen sind eine Reihe wichtiger Punkte zu beachten: Die Mitentscheidungsrechte des Autors, den Umfang der Rechtseinr\u00e4umung an den Verlag, das Honorar, die Aufmachung und Ausstattung mit Bildern, der Verkaufspreis, die Auflagenh\u00f6he, allf\u00e4llige Neuauflagen und schlie\u00dflich auch Beendigungsgr\u00fcnde und Bestimmungen zur Rechtedurchsetzung.<\/p>\n<p>Die Kanzlei ist auch f\u00fcr spezielle Arten von Verlagsvertr\u00e4gen ein kompetenter Ansprechpartner. Darunter fallen zB Verlagsvertr\u00e4ge f\u00fcr elektronische Ver\u00f6ffentlichungsformen, Online Publishing, Foto- oder Kunstb\u00e4nde, Bearbeitungen von bestehenden Werken (\u00dcbersetzung, Verfilmung, etc).<\/p>\n<p>S\u00e4mtliche in diesem Zusammenhang anfallenden\u00a0urheberrechtlichen Fragestellungen\u00a0werden ebenfalls vom Kompetenzspektrum der Kanzlei abgedeckt.<\/p>\n<p><a href=\"https:\/\/media-law.at\/wp-content\/uploads\/2021\/07\/iStock-1145164375.jpg\"><img loading=\"lazy\" decoding=\"async\" src=\"https:\/\/media-law.at\/wp-content\/uploads\/2021\/07\/iStock-1145164375-300x242.jpg\" width=\"300\" height=\"242\" alt=\"\" class=\"wp-image-4475 aligncenter size-medium\" \/><\/a><\/p>\n<p>[\/et_pb_cta][\/et_pb_column][\/et_pb_row][\/et_pb_section]<\/p>\n","protected":false},"excerpt":{"rendered":"<p>&nbsp; Die Beratungsleistung der Kanzlei im\u00a0Verlagsrecht\u00a0umfasst insbesondere die Errichtung von Verlagsvertr\u00e4gen zwischen Autoren und Verlagen. Bei solch sensiblen Vertr\u00e4gen \u00fcber die kommerzielle Verwertung des geistigen Schaffens eines Menschen sind eine Reihe wichtiger Punkte zu beachten: Die Mitentscheidungsrechte des Autors, den Umfang der Rechtseinr\u00e4umung an den Verlag, das Honorar, die Aufmachung und Ausstattung mit Bildern, der [&hellip;]<\/p>\n","protected":false},"author":1,"featured_media":0,"parent":26,"menu_order":0,"comment_status":"open","ping_status":"open","template":"","meta":{"_et_pb_use_builder":"on","_et_pb_old_content":"","_et_gb_content_width":"","footnotes":""},"class_list":["post-151","page","type-page","status-publish","hentry"],"aioseo_notices":[],"_links":{"self":[{"href":"https:\/\/media-law.at\/index.php?rest_route=\/wp\/v2\/pages\/151","targetHints":{"allow":["GET"]}}],"collection":[{"href":"https:\/\/media-law.at\/index.php?rest_route=\/wp\/v2\/pages"}],"about":[{"href":"https:\/\/media-law.at\/index.php?rest_route=\/wp\/v2\/types\/page"}],"author":[{"embeddable":true,"href":"https:\/\/media-law.at\/index.php?rest_route=\/wp\/v2\/users\/1"}],"replies":[{"embeddable":true,"href":"https:\/\/media-law.at\/index.php?rest_route=%2Fwp%2Fv2%2Fcomments&post=151"}],"version-history":[{"count":8,"href":"https:\/\/media-law.at\/index.php?rest_route=\/wp\/v2\/pages\/151\/revisions"}],"predecessor-version":[{"id":4476,"href":"https:\/\/media-law.at\/index.php?rest_route=\/wp\/v2\/pages\/151\/revisions\/4476"}],"up":[{"embeddable":true,"href":"https:\/\/media-law.at\/index.php?rest_route=\/wp\/v2\/pages\/26"}],"wp:attachment":[{"href":"https:\/\/media-law.at\/index.php?rest_route=%2Fwp%2Fv2%2Fmedia&parent=151"}],"curies":[{"name":"wp","href":"https:\/\/api.w.org\/{rel}","templated":true}]}}

<p>[et_pb_section fb_built=&#8220;1&#8243; _builder_version=&#8220;4.4.6&#8243; background_color=&#8220;#FFFFFF&#8220;][et_pb_row _builder_version=&#8220;3.25&#8243; background_size=&#8220;initial&#8220; background_position=&#8220;top_left&#8220; background_repeat=&#8220;repeat&#8220;][et_pb_column type=&#8220;4_4&#8243; _builder_version=&#8220;3.25&#8243; custom_padding=&#8220;|||&#8220; custom_padding__hover=&#8220;|||&#8220;][et_pb_cta title=&#8220;Verlagsrecht&#8220; admin_label=&#8220;Call To Action&#8220; _builder_version=&#8220;4.4.6&#8243; header_text_align=&#8220;center&#8220; background_color=&#8220;#ffffff&#8220; background_size=&#8220;initial&#8220; background_position=&#8220;top_left&#8220; background_repeat=&#8220;repeat&#8220; text_orientation=&#8220;left&#8220; background_layout=&#8220;light&#8220; hover_enabled=&#8220;0&#8243; button_text_size__hover_enabled=&#8220;off&#8220; button_one_text_size__hover_enabled=&#8220;off&#8220; button_two_text_size__hover_enabled=&#8220;off&#8220; button_text_color__hover_enabled=&#8220;off&#8220; button_one_text_color__hover_enabled=&#8220;off&#8220; button_two_text_color__hover_enabled=&#8220;off&#8220; button_border_width__hover_enabled=&#8220;off&#8220; button_one_border_width__hover_enabled=&#8220;off&#8220; button_two_border_width__hover_enabled=&#8220;off&#8220; button_border_color__hover_enabled=&#8220;off&#8220; button_one_border_color__hover_enabled=&#8220;off&#8220; button_two_border_color__hover_enabled=&#8220;off&#8220; button_border_radius__hover_enabled=&#8220;off&#8220; button_one_border_radius__hover_enabled=&#8220;off&#8220; button_two_border_radius__hover_enabled=&#8220;off&#8220; button_letter_spacing__hover_enabled=&#8220;off&#8220; button_one_letter_spacing__hover_enabled=&#8220;off&#8220; button_two_letter_spacing__hover_enabled=&#8220;off&#8220; button_bg_color__hover_enabled=&#8220;off&#8220; button_one_bg_color__hover_enabled=&#8220;off&#8220; button_two_bg_color__hover_enabled=&#8220;off&#8220;]</p>
<p>&nbsp;</p>
<p>Die Beratungsleistung der Kanzlei im Verlagsrecht umfasst insbesondere die Errichtung von <strong>Verlagsverträgen</strong> zwischen Autoren und Verlagen. Bei solch sensiblen Verträgen über die kommerzielle Verwertung des geistigen Schaffens eines Menschen sind eine Reihe wichtiger Punkte zu beachten: Die Mitentscheidungsrechte des Autors, den Umfang der Rechtseinräumung an den Verlag, das Honorar, die Aufmachung und Ausstattung mit Bildern, der Verkaufspreis, die Auflagenhöhe, allfällige Neuauflagen und schließlich auch Beendigungsgründe und Bestimmungen zur Rechtedurchsetzung.</p>
<p>Die Kanzlei ist auch für spezielle Arten von Verlagsverträgen ein kompetenter Ansprechpartner. Darunter fallen zB Verlagsverträge für elektronische Veröffentlichungsformen, Online Publishing, Foto- oder Kunstbände, Bearbeitungen von bestehenden Werken (Übersetzung, Verfilmung, etc).</p>
<p>Sämtliche in diesem Zusammenhang anfallenden urheberrechtlichen Fragestellungen werden ebenfalls vom Kompetenzspektrum der Kanzlei abgedeckt.</p>
<p><a href="https://media-law.at/wp-content/uploads/2021/07/iStock-1145164375.jpg"><img loading="lazy" decoding="async" src="https://media-law.at/wp-content/uploads/2021/07/iStock-1145164375-300x242.jpg" width="300" height="242" alt="" class="wp-image-4475 aligncenter size-medium" /></a></p>
<p>[/et_pb_cta][/et_pb_column][/et_pb_row][/et_pb_section]</p>

<p>&nbsp; Die Beratungsleistung der Kanzlei im Verlagsrecht umfasst insbesondere die Errichtung von Verlagsverträgen zwischen Autoren und Verlagen. Bei solch sensiblen Verträgen über die kommerzielle Verwertung des geistigen Schaffens eines Menschen sind eine Reihe wichtiger Punkte zu beachten: Die Mitentscheidungsrechte des Autors, den Umfang der Rechtseinräumung an den Verlag, das Honorar, die Aufmachung und Ausstattung mit Bildern, der [&hellip;]</p>
