{"id":136,"date":"2014-01-18T22:58:49","date_gmt":"2014-01-18T22:58:49","guid":{"rendered":"http:\/\/media-law.at\/?page_id=136"},"modified":"2021-07-13T15:51:44","modified_gmt":"2021-07-13T15:51:44","slug":"urheberrecht","status":"publish","type":"page","link":"https:\/\/media-law.at\/?page_id=136","title":{"rendered":"Urheberrecht"},"content":{"rendered":"<p>[et_pb_section fb_built=&#8220;1&#8243; _builder_version=&#8220;4.4.6&#8243; background_color=&#8220;#FFFFFF&#8220; background_enable_image=&#8220;off&#8220;][et_pb_row _builder_version=&#8220;3.25&#8243; background_size=&#8220;initial&#8220; background_position=&#8220;top_left&#8220; background_repeat=&#8220;repeat&#8220;][et_pb_column type=&#8220;4_4&#8243; _builder_version=&#8220;3.25&#8243; custom_padding=&#8220;|||&#8220; custom_padding__hover=&#8220;|||&#8220;][et_pb_cta title=&#8220;Urheberrecht&#8220; admin_label=&#8220;Call To Action&#8220; _builder_version=&#8220;4.4.6&#8243; header_text_align=&#8220;center&#8220; background_color=&#8220;#FFFFFF&#8220; background_size=&#8220;initial&#8220; background_position=&#8220;top_left&#8220; background_repeat=&#8220;repeat&#8220; text_orientation=&#8220;left&#8220; background_layout=&#8220;light&#8220; hover_enabled=&#8220;0&#8243; button_text_size__hover_enabled=&#8220;off&#8220; button_one_text_size__hover_enabled=&#8220;off&#8220; button_two_text_size__hover_enabled=&#8220;off&#8220; button_text_color__hover_enabled=&#8220;off&#8220; button_one_text_color__hover_enabled=&#8220;off&#8220; button_two_text_color__hover_enabled=&#8220;off&#8220; button_border_width__hover_enabled=&#8220;off&#8220; button_one_border_width__hover_enabled=&#8220;off&#8220; button_two_border_width__hover_enabled=&#8220;off&#8220; button_border_color__hover_enabled=&#8220;off&#8220; button_one_border_color__hover_enabled=&#8220;off&#8220; button_two_border_color__hover_enabled=&#8220;off&#8220; button_border_radius__hover_enabled=&#8220;off&#8220; button_one_border_radius__hover_enabled=&#8220;off&#8220; button_two_border_radius__hover_enabled=&#8220;off&#8220; button_letter_spacing__hover_enabled=&#8220;off&#8220; button_one_letter_spacing__hover_enabled=&#8220;off&#8220; button_two_letter_spacing__hover_enabled=&#8220;off&#8220; button_bg_color__hover_enabled=&#8220;off&#8220; button_one_bg_color__hover_enabled=&#8220;off&#8220; button_two_bg_color__hover_enabled=&#8220;off&#8220;]<\/p>\n<p>&nbsp;<\/p>\n<p>Das Urheberrecht sch\u00fctzt das geistige Eigentum der Urheber, also der Sch\u00f6pfer von Werken im Sinne des Urheberrechtsgesetzes.<\/p>\n<p>Werke im Sinne des Urheberrechtsgesetzes sind <strong>eigent\u00fcmliche geistige Sch\u00f6pfungen<\/strong> auf den Gebieten der\u00a0<strong>Literatur<\/strong>\u00a0(Sprachwerke aller Art einschlie\u00dflich Computerprogrammen, B\u00fchnenwerke, Werke wissenschaftlicher oder belehrender Art), der\u00a0<strong>Tonkunst<\/strong>\u00a0(Kompositionen) der\u00a0<strong>bildenden K\u00fcnste<\/strong>\u00a0(Malerei, Zeichnung, Grafik, Bildhauerei, neue Medien, Lichtbilder, Fotografie, Baukunst, angewandte Kunst), und der\u00a0<strong>Filmkunst.<\/strong><\/p>\n<p>Das\u00a0Urheberrecht entsteht <strong>ex lege<\/strong>\u00a0mit dem Akt der Schaffung und muss, anders als zB Marken oder Patente, nicht registriert werden.<\/p>\n<p>&nbsp;<\/p>\n<p><a href=\"https:\/\/media-law.at\/wp-content\/uploads\/2021\/07\/the-word-copyright-and-copyright-symbol-on-wooden-blocks-concept-of-picture-id1264144476.jpg\"><img loading=\"lazy\" decoding=\"async\" src=\"https:\/\/media-law.at\/wp-content\/uploads\/2021\/07\/the-word-copyright-and-copyright-symbol-on-wooden-blocks-concept-of-picture-id1264144476-300x225.jpg\" width=\"300\" height=\"225\" alt=\"\" class=\"wp-image-4449 aligncenter size-medium\" \/><\/a><\/p>\n<p>&nbsp;<\/p>\n<p>Die Kanzlei ber\u00e4t Sie gerne in Fragen rund um:<\/p>\n<ul>\n<li><strong>Bestehen, Umfang, Dauer und Voraussetzungen von urheberrechtlichem Schutz<\/strong><\/li>\n<\/ul>\n<ul>\n<li><strong>Wirtschaftliche Nutzungsm\u00f6glichkeiten<\/strong>\u00a0von Werken, wobei man unter den verm\u00f6gensrechtlichen Befugnissen im Urheberrecht die sog. Verwertungsrechte\u00a0versteht, die dem Urheber das Recht einr\u00e4umen, sein Werk wirtschaftlich zu nutzen. Nur der Urheber ist der Inhaber der Verwertungsrechte an seinem Werk. Zu den Verwertungsrechten z\u00e4hlen: Vervielf\u00e4ltigungsrecht, Verbreitungsrecht, Senderecht, Vortrags-, Auff\u00fchrungs- und Vorf\u00fchrungsrecht.<\/li>\n<\/ul>\n<ul>\n<li>Schutz von\u00a0<strong>Computerprogrammen<\/strong>\u00a0und\u00a0<strong>Datenbanken<\/strong><\/li>\n<\/ul>\n<ul>\n<li><strong>Bearbeitungen<\/strong>\u00a0von Werken und die <strong>Verwertung<\/strong> von Bearbeitungen<\/li>\n<\/ul>\n<ul>\n<li>Bei\u00a0<strong>Urheberrechtsverletzungen: Abmahnungen<\/strong> und <strong>Unterlassungserkl\u00e4rungen; Prozessf\u00fchrung<\/strong> inkl. Erwirkung einstweiliger Verf\u00fcgungen<\/li>\n<\/ul>\n<ul>\n<li><strong>Vertr\u00e4ge<\/strong>\u00a0\u00fcber die Einr\u00e4umung und \u00dcbertragung urheberrechtlicher Nutzungsrechte (Lizenzvertr\u00e4ge)<\/li>\n<\/ul>\n<ul>\n<li><strong>Recht am eigenen Bild<\/strong><\/li>\n<\/ul>\n<ul>\n<li><strong>Raubkopien<\/strong><\/li>\n<\/ul>\n<p>Wir beraten und vertreten Sie gerne in allen urheberrechtlichen Angelegenheiten!<\/p>\n<p>&nbsp;<\/p>\n<p><a href=\"https:\/\/media-law.at\/wp-content\/uploads\/2021\/07\/creative-idea-concepts-with-light-bulb-vector-id1127200657.jpg\"><img loading=\"lazy\" decoding=\"async\" src=\"https:\/\/media-law.at\/wp-content\/uploads\/2021\/07\/creative-idea-concepts-with-light-bulb-vector-id1127200657-300x204.jpg\" width=\"300\" height=\"204\" alt=\"\" class=\"wp-image-4450 aligncenter size-medium\" \/><\/a><\/p>\n<p><strong>F\u00fcr Anfragen und Terminvereinbarungen <a title=\"KONTAKT\" href=\"https:\/\/media-law.at\/?page_id=56\">kontaktieren<\/a> Sie bitte die Kanzlei.<\/strong><\/p>\n<p><strong>Aktuelle<\/strong> <strong>Blog-Beitr\u00e4ge<\/strong> zum Thema Urheberrecht finden Sie <a href=\"https:\/\/media-law.at\/?cat=13\"><strong>hier.<\/strong><\/a><\/p>\n<p>[\/et_pb_cta][\/et_pb_column][\/et_pb_row][\/et_pb_section]<\/p>\n","protected":false},"excerpt":{"rendered":"<p>&nbsp; Das Urheberrecht sch\u00fctzt das geistige Eigentum der Urheber, also der Sch\u00f6pfer von Werken im Sinne des Urheberrechtsgesetzes. Werke im Sinne des Urheberrechtsgesetzes sind eigent\u00fcmliche geistige Sch\u00f6pfungen auf den Gebieten der\u00a0Literatur\u00a0(Sprachwerke aller Art einschlie\u00dflich Computerprogrammen, B\u00fchnenwerke, Werke wissenschaftlicher oder belehrender Art), der\u00a0Tonkunst\u00a0(Kompositionen) der\u00a0bildenden K\u00fcnste\u00a0(Malerei, Zeichnung, Grafik, Bildhauerei, neue Medien, Lichtbilder, Fotografie, Baukunst, angewandte Kunst), und [&hellip;]<\/p>\n","protected":false},"author":1,"featured_media":0,"parent":26,"menu_order":0,"comment_status":"open","ping_status":"open","template":"","meta":{"_et_pb_use_builder":"on","_et_pb_old_content":"","_et_gb_content_width":"","footnotes":""},"class_list":["post-136","page","type-page","status-publish","hentry"],"aioseo_notices":[],"_links":{"self":[{"href":"https:\/\/media-law.at\/index.php?rest_route=\/wp\/v2\/pages\/136","targetHints":{"allow":["GET"]}}],"collection":[{"href":"https:\/\/media-law.at\/index.php?rest_route=\/wp\/v2\/pages"}],"about":[{"href":"https:\/\/media-law.at\/index.php?rest_route=\/wp\/v2\/types\/page"}],"author":[{"embeddable":true,"href":"https:\/\/media-law.at\/index.php?rest_route=\/wp\/v2\/users\/1"}],"replies":[{"embeddable":true,"href":"https:\/\/media-law.at\/index.php?rest_route=%2Fwp%2Fv2%2Fcomments&post=136"}],"version-history":[{"count":26,"href":"https:\/\/media-law.at\/index.php?rest_route=\/wp\/v2\/pages\/136\/revisions"}],"predecessor-version":[{"id":4516,"href":"https:\/\/media-law.at\/index.php?rest_route=\/wp\/v2\/pages\/136\/revisions\/4516"}],"up":[{"embeddable":true,"href":"https:\/\/media-law.at\/index.php?rest_route=\/wp\/v2\/pages\/26"}],"wp:attachment":[{"href":"https:\/\/media-law.at\/index.php?rest_route=%2Fwp%2Fv2%2Fmedia&parent=136"}],"curies":[{"name":"wp","href":"https:\/\/api.w.org\/{rel}","templated":true}]}}