{"id":133,"date":"2014-01-18T22:51:07","date_gmt":"2014-01-18T22:51:07","guid":{"rendered":"http:\/\/media-law.at\/?page_id=133"},"modified":"2021-07-13T16:06:55","modified_gmt":"2021-07-13T16:06:55","slug":"werberecht","status":"publish","type":"page","link":"https:\/\/media-law.at\/?page_id=133","title":{"rendered":"Werberecht"},"content":{"rendered":"<p>[et_pb_section fb_built=&#8220;1&#8243; _builder_version=&#8220;4.4.6&#8243; background_color=&#8220;#FFFFFF&#8220;][et_pb_row _builder_version=&#8220;3.25&#8243; background_size=&#8220;initial&#8220; background_position=&#8220;top_left&#8220; background_repeat=&#8220;repeat&#8220;][et_pb_column type=&#8220;4_4&#8243; _builder_version=&#8220;3.25&#8243; custom_padding=&#8220;|||&#8220; custom_padding__hover=&#8220;|||&#8220;][et_pb_cta title=&#8220;Werbung und Recht&#8220; admin_label=&#8220;Call To Action&#8220; _builder_version=&#8220;4.4.6&#8243; header_text_align=&#8220;center&#8220; background_color=&#8220;#FFFFFF&#8220; background_size=&#8220;initial&#8220; background_position=&#8220;top_left&#8220; background_repeat=&#8220;repeat&#8220; text_orientation=&#8220;left&#8220; background_layout=&#8220;light&#8220; hover_enabled=&#8220;0&#8243; button_text_size__hover_enabled=&#8220;off&#8220; button_one_text_size__hover_enabled=&#8220;off&#8220; button_two_text_size__hover_enabled=&#8220;off&#8220; button_text_color__hover_enabled=&#8220;off&#8220; button_one_text_color__hover_enabled=&#8220;off&#8220; button_two_text_color__hover_enabled=&#8220;off&#8220; button_border_width__hover_enabled=&#8220;off&#8220; button_one_border_width__hover_enabled=&#8220;off&#8220; button_two_border_width__hover_enabled=&#8220;off&#8220; button_border_color__hover_enabled=&#8220;off&#8220; button_one_border_color__hover_enabled=&#8220;off&#8220; button_two_border_color__hover_enabled=&#8220;off&#8220; button_border_radius__hover_enabled=&#8220;off&#8220; button_one_border_radius__hover_enabled=&#8220;off&#8220; button_two_border_radius__hover_enabled=&#8220;off&#8220; button_letter_spacing__hover_enabled=&#8220;off&#8220; button_one_letter_spacing__hover_enabled=&#8220;off&#8220; button_two_letter_spacing__hover_enabled=&#8220;off&#8220; button_bg_color__hover_enabled=&#8220;off&#8220; button_one_bg_color__hover_enabled=&#8220;off&#8220; button_two_bg_color__hover_enabled=&#8220;off&#8220;]<\/p>\n<p>&nbsp;<\/p>\n<p>In der heutigen Zeit existiert eine beinahe un\u00fcberschaubare Vielfalt von Werbem\u00f6glichkeiten. W\u00e4hrend altbew\u00e4hrte Werbemedien wie Print, Fernsehen und Radio noch lange nicht ausgedient haben, dr\u00e4ngen vor allem webbasierte Werbeformen in den Vordergrund. Gleichzeitig gilt es immer mehr, nach bestimmten Kriterien ausgew\u00e4hlte Zielgruppen zu erreichen und immer speziellere Produkte zu bewerben. Das Recht der Werbung erstreckt sich dementsprechend \u00fcber eine\u00a0ganze Reihe von gesetzlichen Bestimmungen. Sowohl\u00a0inhaltliche\u00a0als auch\u00a0technische\u00a0Komponenten m\u00fcssen ber\u00fccksichtigt und rechtlich abgekl\u00e4rt werden.<\/p>\n<p>Unter anderem finden sich Beschr\u00e4nkungen im Tabakgesetz, Arzneimittelgesetz, Health Claims Verordnung, ORF-Gesetz, Telekommunikationsgesetz, Audiovisuelle Mediendienste-Gesetz, Privatradiogesetz, UWG, uvm. Hier gilt es, den \u00dcberblick zu bewahren.<\/p>\n<p>Die Kanzlei ber\u00e4t Sie daher kompetent und umfassend \u00fcber\u00a0<strong>Werbebeschr\u00e4nkungen<\/strong>\u00a0und\u00a0<strong>Werbeverbote.<\/strong><\/p>\n<p>Im Hinblick auf die beworbenen Produkte beziehen sich diese\u00a0inhaltlichen Beschr\u00e4nkungen\u00a0vor allem auf:<\/p>\n<ul>\n<li>Tabakerzeugnisse<\/li>\n<li>Arzneimittel<\/li>\n<li>Medizinprodukte<\/li>\n<li>Lebensmittel<\/li>\n<li>Werbung die an Kinder gerichtet ist<\/li>\n<li>Alkohol<\/li>\n<\/ul>\n<p><a href=\"https:\/\/media-law.at\/wp-content\/uploads\/2021\/07\/iStock-1142249817.jpg\"><img loading=\"lazy\" decoding=\"async\" src=\"https:\/\/media-law.at\/wp-content\/uploads\/2021\/07\/iStock-1142249817-300x300.jpg\" width=\"300\" height=\"300\" alt=\"\" class=\"wp-image-4440 aligncenter size-medium\" \/><\/a><\/p>\n<p>&nbsp;<\/p>\n<p>Im Hinblick auf die technische Verbreitung von Werbung ist insbesondere das\u00a0<strong>Telekommunikationsgesetz<\/strong>\u00a0zu ber\u00fccksichtigen.<\/p>\n<p>Daneben sind generell die Bestimmungen des <a title=\"Unlauterer Wettbewerb (UWG)\" href=\"https:\/\/media-law.at\/?page_id=127\">UWG<\/a>\u00a0(<strong>Gesetz gegen den unlauteren Wettbewerb<\/strong>) einzuhalten. Grob ausgedr\u00fcckt, darf Werbung demnach nie irref\u00fchrend, aggressiv oder sonst unlauter sein.<\/p>\n<p>Die Kanzlei ber\u00e4t Sie ebenfalls rund um <strong>Produktplatzierungen<\/strong> und <strong>Sponsoring, Kennzeichnungspflichten<\/strong> bei Werbung oder Inseraten, die Erstellung von <strong>Vertr\u00e4gen<\/strong>\u00a0(mit Dienstleistungsunternehmen, Agenturen, Pr\u00e4sentationsvertr\u00e4ge, uvm), den\u00a0<strong>Schutz<\/strong>\u00a0von Namen, Kennzeichen, Logos, Slogans, Bildern, Grafiken, Formen, Figuren oder sonstigen charakteristischen Elementen Ihrer Kampagne als\u00a0Marke oder Muster.<\/p>\n<p>Im Bereich Werbung decken die Leistungen der Kanzlei daher von der rechtlichen Betreuung der\u00a0Entstehung\u00a0von Werbekonzepten, \u00fcber deren gesetzeskonforme\u00a0Umsetzung, bis hin zur Abwicklung etwaiger nachgelagerter rechtlicher Fragestellungen\u00a0alle Phasen einer Werbekampagne\u00a0ab.<\/p>\n<p><strong>F\u00fcr Anfragen und Terminvereinbarungen <a title=\"KONTAKT\" href=\"https:\/\/media-law.at\/?page_id=56\">kontaktieren<\/a> Sie bitte die Kanzlei.<\/strong><\/p>\n<p>[\/et_pb_cta][\/et_pb_column][\/et_pb_row][\/et_pb_section]<\/p>\n","protected":false},"excerpt":{"rendered":"<p>&nbsp; In der heutigen Zeit existiert eine beinahe un\u00fcberschaubare Vielfalt von Werbem\u00f6glichkeiten. W\u00e4hrend altbew\u00e4hrte Werbemedien wie Print, Fernsehen und Radio noch lange nicht ausgedient haben, dr\u00e4ngen vor allem webbasierte Werbeformen in den Vordergrund. Gleichzeitig gilt es immer mehr, nach bestimmten Kriterien ausgew\u00e4hlte Zielgruppen zu erreichen und immer speziellere Produkte zu bewerben. Das Recht der Werbung [&hellip;]<\/p>\n","protected":false},"author":1,"featured_media":0,"parent":26,"menu_order":0,"comment_status":"open","ping_status":"open","template":"","meta":{"_et_pb_use_builder":"on","_et_pb_old_content":"","_et_gb_content_width":"","footnotes":""},"class_list":["post-133","page","type-page","status-publish","hentry"],"aioseo_notices":[],"_links":{"self":[{"href":"https:\/\/media-law.at\/index.php?rest_route=\/wp\/v2\/pages\/133","targetHints":{"allow":["GET"]}}],"collection":[{"href":"https:\/\/media-law.at\/index.php?rest_route=\/wp\/v2\/pages"}],"about":[{"href":"https:\/\/media-law.at\/index.php?rest_route=\/wp\/v2\/types\/page"}],"author":[{"embeddable":true,"href":"https:\/\/media-law.at\/index.php?rest_route=\/wp\/v2\/users\/1"}],"replies":[{"embeddable":true,"href":"https:\/\/media-law.at\/index.php?rest_route=%2Fwp%2Fv2%2Fcomments&post=133"}],"version-history":[{"count":7,"href":"https:\/\/media-law.at\/index.php?rest_route=\/wp\/v2\/pages\/133\/revisions"}],"predecessor-version":[{"id":4532,"href":"https:\/\/media-law.at\/index.php?rest_route=\/wp\/v2\/pages\/133\/revisions\/4532"}],"up":[{"embeddable":true,"href":"https:\/\/media-law.at\/index.php?rest_route=\/wp\/v2\/pages\/26"}],"wp:attachment":[{"href":"https:\/\/media-law.at\/index.php?rest_route=%2Fwp%2Fv2%2Fmedia&parent=133"}],"curies":[{"name":"wp","href":"https:\/\/api.w.org\/{rel}","templated":true}]}}